 {"id":4455,"date":"2023-10-02T15:39:27","date_gmt":"2023-10-02T13:39:27","guid":{"rendered":"http:\/\/localhost\/arxiusoberts.cat\/ca\/?post_type=narrativa&#038;p=4455"},"modified":"2024-02-07T19:21:48","modified_gmt":"2024-02-07T17:21:48","slug":"pioneres-dones-i-experimetacio-sonora","status":"publish","type":"narrativa","link":"https:\/\/www.arxiusoberts.cat\/ca\/narrativa\/pioneres-dones-i-experimetacio-sonora\/","title":{"rendered":"PIONERES  D\u2019ones i experimentaci\u00f3 sonora"},"content":{"rendered":"<p>Expo expandida virtual de la mostra temporal al Museu, sobre 5 dones pioneres en el camp de l\u2019electroac\u00fastica a la d\u00e8cada dels setanta a Barcelona.<\/p>\n<p>Aquestes creadores ens conviden a con\u00e8ixer una part de la hist\u00f2ria musical de la ciutat a trav\u00e9s de les seves pr\u00f2pies viv\u00e8ncies i materials.<\/p>\n<p>Una hist\u00f2ria que, tradicionalment, no ha estat escoltada i, en conseq\u00fc\u00e8ncia, \u00e9s desconeguda per a la major part del p\u00fablic. Obrim les orelles, doncs, i escoltem.<\/p>\n","protected":false},"featured_media":4600,"template":"","class_list":["post-4455","narrativa","type-narrativa","status-publish","has-post-thumbnail","hentry"],"yoast_head":"<!-- This site is optimized with the Yoast SEO plugin v21.7 - https:\/\/yoast.com\/wordpress\/plugins\/seo\/ -->\n<title>PIONERES D\u2019ones i experimentaci\u00f3 sonora - Arxius Oberts<\/title>\n<meta name=\"robots\" content=\"index, follow, max-snippet:-1, max-image-preview:large, max-video-preview:-1\" \/>\n<link rel=\"canonical\" href=\"https:\/\/www.arxiusoberts.cat\/ca\/narrativa\/pioneres-dones-i-experimetacio-sonora\/\" \/>\n<meta property=\"og:locale\" content=\"ca_ES\" \/>\n<meta property=\"og:type\" content=\"article\" \/>\n<meta property=\"og:title\" content=\"PIONERES D\u2019ones i experimentaci\u00f3 sonora - Arxius Oberts\" \/>\n<meta property=\"og:description\" content=\"Expo expandida virtual de la mostra temporal al Museu, sobre 5 dones pioneres en el camp de l\u2019electroac\u00fastica a la d\u00e8cada dels setanta a Barcelona. Aquestes creadores ens conviden a con\u00e8ixer una part de la hist\u00f2ria musical de la ciutat a trav\u00e9s de les seves pr\u00f2pies viv\u00e8ncies i materials. Una hist\u00f2ria que, tradicionalment, no ha [&hellip;]\" \/>\n<meta property=\"og:url\" content=\"https:\/\/www.arxiusoberts.cat\/ca\/narrativa\/pioneres-dones-i-experimetacio-sonora\/\" \/>\n<meta property=\"og:site_name\" content=\"Arxius Oberts\" \/>\n<meta property=\"article:modified_time\" content=\"2024-02-07T17:21:48+00:00\" \/>\n<meta property=\"og:image\" content=\"https:\/\/www.arxiusoberts.cat\/wp-content\/uploads\/2023\/11\/AB06_2023.04_ET_AB6_ID_20230327_002_015_02.jpg\" \/>\n\t<meta property=\"og:image:width\" content=\"1920\" \/>\n\t<meta property=\"og:image:height\" content=\"1302\" \/>\n\t<meta property=\"og:image:type\" content=\"image\/jpeg\" \/>\n<meta name=\"twitter:card\" content=\"summary_large_image\" \/>\n<meta name=\"twitter:label1\" content=\"Temps estimat de lectura\" \/>\n\t<meta name=\"twitter:data1\" content=\"1 minut\" \/>\n<script type=\"application\/ld+json\" class=\"yoast-schema-graph\">{\"@context\":\"https:\/\/schema.org\",\"@graph\":[{\"@type\":\"WebPage\",\"@id\":\"https:\/\/www.arxiusoberts.cat\/ca\/narrativa\/pioneres-dones-i-experimetacio-sonora\/\",\"url\":\"https:\/\/www.arxiusoberts.cat\/ca\/narrativa\/pioneres-dones-i-experimetacio-sonora\/\",\"name\":\"PIONERES D\u2019ones i experimentaci\u00f3 sonora - Arxius Oberts\",\"isPartOf\":{\"@id\":\"https:\/\/www.arxiusoberts.cat\/ca\/#website\"},\"datePublished\":\"2023-10-02T13:39:27+00:00\",\"dateModified\":\"2024-02-07T17:21:48+00:00\",\"breadcrumb\":{\"@id\":\"https:\/\/www.arxiusoberts.cat\/ca\/narrativa\/pioneres-dones-i-experimetacio-sonora\/#breadcrumb\"},\"inLanguage\":\"ca\",\"potentialAction\":[{\"@type\":\"ReadAction\",\"target\":[\"https:\/\/www.arxiusoberts.cat\/ca\/narrativa\/pioneres-dones-i-experimetacio-sonora\/\"]}]},{\"@type\":\"BreadcrumbList\",\"@id\":\"https:\/\/www.arxiusoberts.cat\/ca\/narrativa\/pioneres-dones-i-experimetacio-sonora\/#breadcrumb\",\"itemListElement\":[{\"@type\":\"ListItem\",\"position\":1,\"name\":\"Inici\",\"item\":\"https:\/\/www.arxiusoberts.cat\/ca\/\"},{\"@type\":\"ListItem\",\"position\":2,\"name\":\"PIONERES D\u2019ones i experimentaci\u00f3 sonora\"}]},{\"@type\":\"WebSite\",\"@id\":\"https:\/\/www.arxiusoberts.cat\/ca\/#website\",\"url\":\"https:\/\/www.arxiusoberts.cat\/ca\/\",\"name\":\"Arxius Oberts\",\"description\":\"Narratives comunit\u00e0ries de Barcelona\",\"potentialAction\":[{\"@type\":\"SearchAction\",\"target\":{\"@type\":\"EntryPoint\",\"urlTemplate\":\"https:\/\/www.arxiusoberts.cat\/ca\/?s={search_term_string}\"},\"query-input\":\"required name=search_term_string\"}],\"inLanguage\":\"ca\"}]}<\/script>\n<!-- \/ Yoast SEO plugin. -->","yoast_head_json":{"title":"PIONERES D\u2019ones i experimentaci\u00f3 sonora - Arxius Oberts","robots":{"index":"index","follow":"follow","max-snippet":"max-snippet:-1","max-image-preview":"max-image-preview:large","max-video-preview":"max-video-preview:-1"},"canonical":"https:\/\/www.arxiusoberts.cat\/ca\/narrativa\/pioneres-dones-i-experimetacio-sonora\/","og_locale":"ca_ES","og_type":"article","og_title":"PIONERES D\u2019ones i experimentaci\u00f3 sonora - Arxius Oberts","og_description":"Expo expandida virtual de la mostra temporal al Museu, sobre 5 dones pioneres en el camp de l\u2019electroac\u00fastica a la d\u00e8cada dels setanta a Barcelona. Aquestes creadores ens conviden a con\u00e8ixer una part de la hist\u00f2ria musical de la ciutat a trav\u00e9s de les seves pr\u00f2pies viv\u00e8ncies i materials. Una hist\u00f2ria que, tradicionalment, no ha [&hellip;]","og_url":"https:\/\/www.arxiusoberts.cat\/ca\/narrativa\/pioneres-dones-i-experimetacio-sonora\/","og_site_name":"Arxius Oberts","article_modified_time":"2024-02-07T17:21:48+00:00","og_image":[{"width":1920,"height":1302,"url":"https:\/\/www.arxiusoberts.cat\/wp-content\/uploads\/2023\/11\/AB06_2023.04_ET_AB6_ID_20230327_002_015_02.jpg","type":"image\/jpeg"}],"twitter_card":"summary_large_image","twitter_misc":{"Temps estimat de lectura":"1 minut"},"schema":{"@context":"https:\/\/schema.org","@graph":[{"@type":"WebPage","@id":"https:\/\/www.arxiusoberts.cat\/ca\/narrativa\/pioneres-dones-i-experimetacio-sonora\/","url":"https:\/\/www.arxiusoberts.cat\/ca\/narrativa\/pioneres-dones-i-experimetacio-sonora\/","name":"PIONERES D\u2019ones i experimentaci\u00f3 sonora - Arxius Oberts","isPartOf":{"@id":"https:\/\/www.arxiusoberts.cat\/ca\/#website"},"datePublished":"2023-10-02T13:39:27+00:00","dateModified":"2024-02-07T17:21:48+00:00","breadcrumb":{"@id":"https:\/\/www.arxiusoberts.cat\/ca\/narrativa\/pioneres-dones-i-experimetacio-sonora\/#breadcrumb"},"inLanguage":"ca","potentialAction":[{"@type":"ReadAction","target":["https:\/\/www.arxiusoberts.cat\/ca\/narrativa\/pioneres-dones-i-experimetacio-sonora\/"]}]},{"@type":"BreadcrumbList","@id":"https:\/\/www.arxiusoberts.cat\/ca\/narrativa\/pioneres-dones-i-experimetacio-sonora\/#breadcrumb","itemListElement":[{"@type":"ListItem","position":1,"name":"Inici","item":"https:\/\/www.arxiusoberts.cat\/ca\/"},{"@type":"ListItem","position":2,"name":"PIONERES D\u2019ones i experimentaci\u00f3 sonora"}]},{"@type":"WebSite","@id":"https:\/\/www.arxiusoberts.cat\/ca\/#website","url":"https:\/\/www.arxiusoberts.cat\/ca\/","name":"Arxius Oberts","description":"Narratives comunit\u00e0ries de Barcelona","potentialAction":[{"@type":"SearchAction","target":{"@type":"EntryPoint","urlTemplate":"https:\/\/www.arxiusoberts.cat\/ca\/?s={search_term_string}"},"query-input":"required name=search_term_string"}],"inLanguage":"ca"}]}},"_links":{"self":[{"href":"https:\/\/www.arxiusoberts.cat\/ca\/wp-json\/wp\/v2\/narrativa\/4455","targetHints":{"allow":["GET"]}}],"collection":[{"href":"https:\/\/www.arxiusoberts.cat\/ca\/wp-json\/wp\/v2\/narrativa"}],"about":[{"href":"https:\/\/www.arxiusoberts.cat\/ca\/wp-json\/wp\/v2\/types\/narrativa"}],"wp:featuredmedia":[{"embeddable":true,"href":"https:\/\/www.arxiusoberts.cat\/ca\/wp-json\/wp\/v2\/media\/4600"}],"wp:attachment":[{"href":"https:\/\/www.arxiusoberts.cat\/ca\/wp-json\/wp\/v2\/media?parent=4455"}],"curies":[{"name":"wp","href":"https:\/\/api.w.org\/{rel}","templated":true}]}}

PIONERES  D’ones i experimentació sonora

<p>Expo expandida virtual de la mostra temporal al Museu, sobre 5 dones pioneres en el camp de l’electroacústica a la dècada dels setanta a Barcelona.</p>
<p>Aquestes creadores ens conviden a conèixer una part de la història musical de la ciutat a través de les seves pròpies vivències i materials.</p>
<p>Una història que, tradicionalment, no ha estat escoltada i, en conseqüència, és desconeguda per a la major part del públic. Obrim les orelles, doncs, i escoltem.</p>

<!-- This site is optimized with the Yoast SEO plugin v21.7 - https://yoast.com/wordpress/plugins/seo/ -->
<title>PIONERES D’ones i experimentació sonora - Arxius Oberts</title>
<meta name="robots" content="index, follow, max-snippet:-1, max-image-preview:large, max-video-preview:-1" />
<link rel="canonical" href="https://www.arxiusoberts.cat/ca/narrativa/pioneres-dones-i-experimetacio-sonora/" />
<meta property="og:locale" content="ca_ES" />
<meta property="og:type" content="article" />
<meta property="og:title" content="PIONERES D’ones i experimentació sonora - Arxius Oberts" />
<meta property="og:description" content="Expo expandida virtual de la mostra temporal al Museu, sobre 5 dones pioneres en el camp de l’electroacústica a la dècada dels setanta a Barcelona. Aquestes creadores ens conviden a conèixer una part de la història musical de la ciutat a través de les seves pròpies vivències i materials. Una història que, tradicionalment, no ha [&hellip;]" />
<meta property="og:url" content="https://www.arxiusoberts.cat/ca/narrativa/pioneres-dones-i-experimetacio-sonora/" />
<meta property="og:site_name" content="Arxius Oberts" />
<meta property="article:modified_time" content="2024-02-07T17:21:48+00:00" />
<meta property="og:image" content="https://www.arxiusoberts.cat/wp-content/uploads/2023/11/AB06_2023.04_ET_AB6_ID_20230327_002_015_02.jpg" />
	<meta property="og:image:width" content="1920" />
	<meta property="og:image:height" content="1302" />
	<meta property="og:image:type" content="image/jpeg" />
<meta name="twitter:card" content="summary_large_image" />
<meta name="twitter:label1" content="Temps estimat de lectura" />
	<meta name="twitter:data1" content="1 minut" />
<script type="application/ld+json" class="yoast-schema-graph">{"@context":"https://schema.org","@graph":[{"@type":"WebPage","@id":"https://www.arxiusoberts.cat/ca/narrativa/pioneres-dones-i-experimetacio-sonora/","url":"https://www.arxiusoberts.cat/ca/narrativa/pioneres-dones-i-experimetacio-sonora/","name":"PIONERES D’ones i experimentació sonora - Arxius Oberts","isPartOf":{"@id":"https://www.arxiusoberts.cat/ca/#website"},"datePublished":"2023-10-02T13:39:27+00:00","dateModified":"2024-02-07T17:21:48+00:00","breadcrumb":{"@id":"https://www.arxiusoberts.cat/ca/narrativa/pioneres-dones-i-experimetacio-sonora/#breadcrumb"},"inLanguage":"ca","potentialAction":[{"@type":"ReadAction","target":["https://www.arxiusoberts.cat/ca/narrativa/pioneres-dones-i-experimetacio-sonora/"]}]},{"@type":"BreadcrumbList","@id":"https://www.arxiusoberts.cat/ca/narrativa/pioneres-dones-i-experimetacio-sonora/#breadcrumb","itemListElement":[{"@type":"ListItem","position":1,"name":"Inici","item":"https://www.arxiusoberts.cat/ca/"},{"@type":"ListItem","position":2,"name":"PIONERES D’ones i experimentació sonora"}]},{"@type":"WebSite","@id":"https://www.arxiusoberts.cat/ca/#website","url":"https://www.arxiusoberts.cat/ca/","name":"Arxius Oberts","description":"Narratives comunitàries de Barcelona","potentialAction":[{"@type":"SearchAction","target":{"@type":"EntryPoint","urlTemplate":"https://www.arxiusoberts.cat/ca/?s={search_term_string}"},"query-input":"required name=search_term_string"}],"inLanguage":"ca"}]}</script>
<!-- / Yoast SEO plugin. -->

PIONERES D’ones i experimentació sonora - Arxius Oberts

Expo expandida virtual de la mostra temporal al Museu, sobre 5 dones pioneres en el camp de l’electroacústica a la dècada dels setanta a Barcelona. Aquestes creadores ens conviden a conèixer una part de la història musical de la ciutat a través de les seves pròpies vivències i materials. Una història que, tradicionalment, no ha [&hellip;]

PIONERES D’ones i experimentació sonora

Narratives comunitàries de Barcelona
