 {"id":2860,"date":"2021-12-13T00:12:15","date_gmt":"2021-12-12T22:12:15","guid":{"rendered":"http:\/\/localhost\/arxiusoberts.cat\/ca\/?post_type=arxius&#038;p=2860"},"modified":"2022-02-03T19:05:55","modified_gmt":"2022-02-03T17:05:55","slug":"serie-influencia-del-renaixament-italia","status":"publish","type":"arxius","link":"https:\/\/www.arxiusoberts.cat\/ca\/arxiu\/serie-influencia-del-renaixament-italia\/","title":{"rendered":"S\u00e8rie influ\u00e8ncia del Renaixament itali\u00e0"},"content":{"rendered":"<p>Gerra de pisa policroma en forma de tonell decdorada amb &#8220;ferronneries&#8221;, motius inspirats en el treball del ferro o del cuir. Sanefa de medallons ovals en altern\u00e0ncia amb altres quadrangulars. Es una s\u00e8rie d&#8217;ascend\u00e8ncia flamenca, importat a Talavera pel reputat ceramista Jan Floris. Els  pots de farm\u00e0cia del monestir de l&#8217;Escorial presenten la mateixa ornamentaci\u00f3.<\/p>\n","protected":false},"featured_media":2861,"template":"","class_list":["post-2860","arxius","type-arxius","status-publish","has-post-thumbnail","hentry","contribuidor-museu-del-disseny-de-barcelona"],"yoast_head":"<!-- This site is optimized with the Yoast SEO plugin v21.7 - https:\/\/yoast.com\/wordpress\/plugins\/seo\/ -->\n<title>S\u00e8rie influ\u00e8ncia del Renaixament itali\u00e0 - Arxius Oberts<\/title>\n<meta name=\"robots\" content=\"index, follow, max-snippet:-1, max-image-preview:large, max-video-preview:-1\" \/>\n<link rel=\"canonical\" href=\"https:\/\/www.arxiusoberts.cat\/ca\/arxiu\/serie-influencia-del-renaixament-italia\/\" \/>\n<meta property=\"og:locale\" content=\"ca_ES\" \/>\n<meta property=\"og:type\" content=\"article\" \/>\n<meta property=\"og:title\" content=\"S\u00e8rie influ\u00e8ncia del Renaixament itali\u00e0 - Arxius Oberts\" \/>\n<meta property=\"og:description\" content=\"Gerra de pisa policroma en forma de tonell decdorada amb &#8220;ferronneries&#8221;, motius inspirats en el treball del ferro o del cuir. Sanefa de medallons ovals en altern\u00e0ncia amb altres quadrangulars. Es una s\u00e8rie d&#8217;ascend\u00e8ncia flamenca, importat a Talavera pel reputat ceramista Jan Floris. Els pots de farm\u00e0cia del monestir de l&#8217;Escorial presenten la mateixa ornamentaci\u00f3.\" \/>\n<meta property=\"og:url\" content=\"https:\/\/www.arxiusoberts.cat\/ca\/arxiu\/serie-influencia-del-renaixament-italia\/\" \/>\n<meta property=\"og:site_name\" content=\"Arxius Oberts\" \/>\n<meta property=\"article:modified_time\" content=\"2022-02-03T17:05:55+00:00\" \/>\n<meta property=\"og:image\" content=\"https:\/\/www.arxiusoberts.cat\/wp-content\/uploads\/2021\/12\/https3A2F2Fcoeli-icub-hum.s3-eu-west-1.amazonaws.com2Fpublic2FHeritageObject2FH3800722Fb587f7743f50da3e33328e97a4ad0a7a2Ffull2Foriginal2F02Fdefault.jpg\" \/>\n\t<meta property=\"og:image:width\" content=\"800\" \/>\n\t<meta property=\"og:image:height\" content=\"800\" \/>\n\t<meta property=\"og:image:type\" content=\"image\/jpeg\" \/>\n<meta name=\"twitter:card\" content=\"summary_large_image\" \/>\n<script type=\"application\/ld+json\" class=\"yoast-schema-graph\">{\"@context\":\"https:\/\/schema.org\",\"@graph\":[{\"@type\":\"WebPage\",\"@id\":\"https:\/\/www.arxiusoberts.cat\/ca\/arxiu\/serie-influencia-del-renaixament-italia\/\",\"url\":\"https:\/\/www.arxiusoberts.cat\/ca\/arxiu\/serie-influencia-del-renaixament-italia\/\",\"name\":\"S\u00e8rie influ\u00e8ncia del Renaixament itali\u00e0 - Arxius Oberts\",\"isPartOf\":{\"@id\":\"https:\/\/www.arxiusoberts.cat\/ca\/#website\"},\"datePublished\":\"2021-12-12T22:12:15+00:00\",\"dateModified\":\"2022-02-03T17:05:55+00:00\",\"breadcrumb\":{\"@id\":\"https:\/\/www.arxiusoberts.cat\/ca\/arxiu\/serie-influencia-del-renaixament-italia\/#breadcrumb\"},\"inLanguage\":\"ca\",\"potentialAction\":[{\"@type\":\"ReadAction\",\"target\":[\"https:\/\/www.arxiusoberts.cat\/ca\/arxiu\/serie-influencia-del-renaixament-italia\/\"]}]},{\"@type\":\"BreadcrumbList\",\"@id\":\"https:\/\/www.arxiusoberts.cat\/ca\/arxiu\/serie-influencia-del-renaixament-italia\/#breadcrumb\",\"itemListElement\":[{\"@type\":\"ListItem\",\"position\":1,\"name\":\"Inici\",\"item\":\"https:\/\/www.arxiusoberts.cat\/ca\/\"},{\"@type\":\"ListItem\",\"position\":2,\"name\":\"S\u00e8rie influ\u00e8ncia del Renaixament itali\u00e0\"}]},{\"@type\":\"WebSite\",\"@id\":\"https:\/\/www.arxiusoberts.cat\/ca\/#website\",\"url\":\"https:\/\/www.arxiusoberts.cat\/ca\/\",\"name\":\"Arxius Oberts\",\"description\":\"Narratives comunit\u00e0ries de Barcelona\",\"potentialAction\":[{\"@type\":\"SearchAction\",\"target\":{\"@type\":\"EntryPoint\",\"urlTemplate\":\"https:\/\/www.arxiusoberts.cat\/ca\/?s={search_term_string}\"},\"query-input\":\"required name=search_term_string\"}],\"inLanguage\":\"ca\"}]}<\/script>\n<!-- \/ Yoast SEO plugin. -->","yoast_head_json":{"title":"S\u00e8rie influ\u00e8ncia del Renaixament itali\u00e0 - Arxius Oberts","robots":{"index":"index","follow":"follow","max-snippet":"max-snippet:-1","max-image-preview":"max-image-preview:large","max-video-preview":"max-video-preview:-1"},"canonical":"https:\/\/www.arxiusoberts.cat\/ca\/arxiu\/serie-influencia-del-renaixament-italia\/","og_locale":"ca_ES","og_type":"article","og_title":"S\u00e8rie influ\u00e8ncia del Renaixament itali\u00e0 - Arxius Oberts","og_description":"Gerra de pisa policroma en forma de tonell decdorada amb &#8220;ferronneries&#8221;, motius inspirats en el treball del ferro o del cuir. Sanefa de medallons ovals en altern\u00e0ncia amb altres quadrangulars. Es una s\u00e8rie d&#8217;ascend\u00e8ncia flamenca, importat a Talavera pel reputat ceramista Jan Floris. Els pots de farm\u00e0cia del monestir de l&#8217;Escorial presenten la mateixa ornamentaci\u00f3.","og_url":"https:\/\/www.arxiusoberts.cat\/ca\/arxiu\/serie-influencia-del-renaixament-italia\/","og_site_name":"Arxius Oberts","article_modified_time":"2022-02-03T17:05:55+00:00","og_image":[{"width":800,"height":800,"url":"https:\/\/www.arxiusoberts.cat\/wp-content\/uploads\/2021\/12\/https3A2F2Fcoeli-icub-hum.s3-eu-west-1.amazonaws.com2Fpublic2FHeritageObject2FH3800722Fb587f7743f50da3e33328e97a4ad0a7a2Ffull2Foriginal2F02Fdefault.jpg","type":"image\/jpeg"}],"twitter_card":"summary_large_image","schema":{"@context":"https:\/\/schema.org","@graph":[{"@type":"WebPage","@id":"https:\/\/www.arxiusoberts.cat\/ca\/arxiu\/serie-influencia-del-renaixament-italia\/","url":"https:\/\/www.arxiusoberts.cat\/ca\/arxiu\/serie-influencia-del-renaixament-italia\/","name":"S\u00e8rie influ\u00e8ncia del Renaixament itali\u00e0 - Arxius Oberts","isPartOf":{"@id":"https:\/\/www.arxiusoberts.cat\/ca\/#website"},"datePublished":"2021-12-12T22:12:15+00:00","dateModified":"2022-02-03T17:05:55+00:00","breadcrumb":{"@id":"https:\/\/www.arxiusoberts.cat\/ca\/arxiu\/serie-influencia-del-renaixament-italia\/#breadcrumb"},"inLanguage":"ca","potentialAction":[{"@type":"ReadAction","target":["https:\/\/www.arxiusoberts.cat\/ca\/arxiu\/serie-influencia-del-renaixament-italia\/"]}]},{"@type":"BreadcrumbList","@id":"https:\/\/www.arxiusoberts.cat\/ca\/arxiu\/serie-influencia-del-renaixament-italia\/#breadcrumb","itemListElement":[{"@type":"ListItem","position":1,"name":"Inici","item":"https:\/\/www.arxiusoberts.cat\/ca\/"},{"@type":"ListItem","position":2,"name":"S\u00e8rie influ\u00e8ncia del Renaixament itali\u00e0"}]},{"@type":"WebSite","@id":"https:\/\/www.arxiusoberts.cat\/ca\/#website","url":"https:\/\/www.arxiusoberts.cat\/ca\/","name":"Arxius Oberts","description":"Narratives comunit\u00e0ries de Barcelona","potentialAction":[{"@type":"SearchAction","target":{"@type":"EntryPoint","urlTemplate":"https:\/\/www.arxiusoberts.cat\/ca\/?s={search_term_string}"},"query-input":"required name=search_term_string"}],"inLanguage":"ca"}]}},"_links":{"self":[{"href":"https:\/\/www.arxiusoberts.cat\/ca\/wp-json\/wp\/v2\/arxius\/2860","targetHints":{"allow":["GET"]}}],"collection":[{"href":"https:\/\/www.arxiusoberts.cat\/ca\/wp-json\/wp\/v2\/arxius"}],"about":[{"href":"https:\/\/www.arxiusoberts.cat\/ca\/wp-json\/wp\/v2\/types\/arxius"}],"wp:featuredmedia":[{"embeddable":true,"href":"https:\/\/www.arxiusoberts.cat\/ca\/wp-json\/wp\/v2\/media\/2861"}],"wp:attachment":[{"href":"https:\/\/www.arxiusoberts.cat\/ca\/wp-json\/wp\/v2\/media?parent=2860"}],"curies":[{"name":"wp","href":"https:\/\/api.w.org\/{rel}","templated":true}]}}

Sèrie influència del Renaixament italià

<p>Gerra de pisa policroma en forma de tonell decdorada amb &#8220;ferronneries&#8221;, motius inspirats en el treball del ferro o del cuir. Sanefa de medallons ovals en alternància amb altres quadrangulars. Es una sèrie d&#8217;ascendència flamenca, importat a Talavera pel reputat ceramista Jan Floris. Els  pots de farmàcia del monestir de l&#8217;Escorial presenten la mateixa ornamentació.</p>

<!-- This site is optimized with the Yoast SEO plugin v21.7 - https://yoast.com/wordpress/plugins/seo/ -->
<title>Sèrie influència del Renaixament italià - Arxius Oberts</title>
<meta name="robots" content="index, follow, max-snippet:-1, max-image-preview:large, max-video-preview:-1" />
<link rel="canonical" href="https://www.arxiusoberts.cat/ca/arxiu/serie-influencia-del-renaixament-italia/" />
<meta property="og:locale" content="ca_ES" />
<meta property="og:type" content="article" />
<meta property="og:title" content="Sèrie influència del Renaixament italià - Arxius Oberts" />
<meta property="og:description" content="Gerra de pisa policroma en forma de tonell decdorada amb &#8220;ferronneries&#8221;, motius inspirats en el treball del ferro o del cuir. Sanefa de medallons ovals en alternància amb altres quadrangulars. Es una sèrie d&#8217;ascendència flamenca, importat a Talavera pel reputat ceramista Jan Floris. Els pots de farmàcia del monestir de l&#8217;Escorial presenten la mateixa ornamentació." />
<meta property="og:url" content="https://www.arxiusoberts.cat/ca/arxiu/serie-influencia-del-renaixament-italia/" />
<meta property="og:site_name" content="Arxius Oberts" />
<meta property="article:modified_time" content="2022-02-03T17:05:55+00:00" />
<meta property="og:image" content="https://www.arxiusoberts.cat/wp-content/uploads/2021/12/https3A2F2Fcoeli-icub-hum.s3-eu-west-1.amazonaws.com2Fpublic2FHeritageObject2FH3800722Fb587f7743f50da3e33328e97a4ad0a7a2Ffull2Foriginal2F02Fdefault.jpg" />
	<meta property="og:image:width" content="800" />
	<meta property="og:image:height" content="800" />
	<meta property="og:image:type" content="image/jpeg" />
<meta name="twitter:card" content="summary_large_image" />
<script type="application/ld+json" class="yoast-schema-graph">{"@context":"https://schema.org","@graph":[{"@type":"WebPage","@id":"https://www.arxiusoberts.cat/ca/arxiu/serie-influencia-del-renaixament-italia/","url":"https://www.arxiusoberts.cat/ca/arxiu/serie-influencia-del-renaixament-italia/","name":"Sèrie influència del Renaixament italià - Arxius Oberts","isPartOf":{"@id":"https://www.arxiusoberts.cat/ca/#website"},"datePublished":"2021-12-12T22:12:15+00:00","dateModified":"2022-02-03T17:05:55+00:00","breadcrumb":{"@id":"https://www.arxiusoberts.cat/ca/arxiu/serie-influencia-del-renaixament-italia/#breadcrumb"},"inLanguage":"ca","potentialAction":[{"@type":"ReadAction","target":["https://www.arxiusoberts.cat/ca/arxiu/serie-influencia-del-renaixament-italia/"]}]},{"@type":"BreadcrumbList","@id":"https://www.arxiusoberts.cat/ca/arxiu/serie-influencia-del-renaixament-italia/#breadcrumb","itemListElement":[{"@type":"ListItem","position":1,"name":"Inici","item":"https://www.arxiusoberts.cat/ca/"},{"@type":"ListItem","position":2,"name":"Sèrie influència del Renaixament italià"}]},{"@type":"WebSite","@id":"https://www.arxiusoberts.cat/ca/#website","url":"https://www.arxiusoberts.cat/ca/","name":"Arxius Oberts","description":"Narratives comunitàries de Barcelona","potentialAction":[{"@type":"SearchAction","target":{"@type":"EntryPoint","urlTemplate":"https://www.arxiusoberts.cat/ca/?s={search_term_string}"},"query-input":"required name=search_term_string"}],"inLanguage":"ca"}]}</script>
<!-- / Yoast SEO plugin. -->

Sèrie influència del Renaixament italià - Arxius Oberts

Gerra de pisa policroma en forma de tonell decdorada amb &#8220;ferronneries&#8221;, motius inspirats en el treball del ferro o del cuir. Sanefa de medallons ovals en alternància amb altres quadrangulars. Es una sèrie d&#8217;ascendència flamenca, importat a Talavera pel reputat ceramista Jan Floris. Els pots de farmàcia del monestir de l&#8217;Escorial presenten la mateixa ornamentació.

Narratives comunitàries de Barcelona
