 {"id":2626,"date":"2021-12-13T00:04:43","date_gmt":"2021-12-12T22:04:43","guid":{"rendered":"http:\/\/localhost\/arxiusoberts.cat\/ca\/?post_type=arxius&#038;p=2626"},"modified":"2022-02-03T19:05:56","modified_gmt":"2022-02-03T17:05:56","slug":"escena-del-pintor-i-la-model","status":"publish","type":"arxius","link":"https:\/\/www.arxiusoberts.cat\/ca\/arxiu\/escena-del-pintor-i-la-model\/","title":{"rendered":"Escena del &#8220;pintor i la model&#8221;"},"content":{"rendered":"<p>Gerra de terracota decorada amb engalba, reserves a la cera, pintada amb una escena del &#8220;pintor i la model&#8221; en negre i verd, i vidrada. Cos oval, coll troncoc\u00f2nic i dos nanses corbes gruixudes. El 1947 Picasso es va iniciar en l&#8217;art de la cer\u00e0mica quan va comen\u00e7ar a freq\u00fcentar la f\u00e0brica Madoura, propietat de George i Suzanne Rami\u00e8 a Vallauris (Fran\u00e7a) i no hova deixar fins el 1970. Va presentar les primeres peces el 1948 a la Maison de la Pens\u00e9e de Paris. La cer\u00e0mica va suposar per ell el descobriment d&#8217;una nova t\u00e8cnica art\u00edstica que li permetia experimentar amb les formes de la terrissa tradicional -que l&#8217;artista va reinterpretar i transformar-,  amb l&#8217;escultura i la pintura. En quan al repertori iconogr\u00e0fic, va cultivar temes que havia utilitzat pr\u00e8viament -el circ, el pintor i la model, retrats, bodegons i paisatges- amb altres vinculats a la natura i als animals del seu entorn m\u00e9s immediat.El tema del &#8220;pintor i la model&#8221; va ser tamb\u00e9 recurrent. El va utilitzar per primera vegada el 1926 i durant la seva vida va fer olis, dibuixos i obra gr\u00e0fica sobre aquest tema. Concretament,  l&#8217;any 1954, paralelament a la decoraci\u00f3 de les gerres de cer\u00e0mica, va realitzar una s\u00e8rie de grabats amb aquest mateix tema.<\/p>\n","protected":false},"featured_media":2627,"template":"","class_list":["post-2626","arxius","type-arxius","status-publish","has-post-thumbnail","hentry","contribuidor-museu-del-disseny-de-barcelona"],"yoast_head":"<!-- This site is optimized with the Yoast SEO plugin v21.7 - https:\/\/yoast.com\/wordpress\/plugins\/seo\/ -->\n<title>Escena del &quot;pintor i la model&quot; - Arxius Oberts<\/title>\n<meta name=\"robots\" content=\"index, follow, max-snippet:-1, max-image-preview:large, max-video-preview:-1\" \/>\n<link rel=\"canonical\" href=\"https:\/\/www.arxiusoberts.cat\/ca\/arxiu\/escena-del-pintor-i-la-model\/\" \/>\n<meta property=\"og:locale\" content=\"ca_ES\" \/>\n<meta property=\"og:type\" content=\"article\" \/>\n<meta property=\"og:title\" content=\"Escena del &quot;pintor i la model&quot; - Arxius Oberts\" \/>\n<meta property=\"og:description\" content=\"Gerra de terracota decorada amb engalba, reserves a la cera, pintada amb una escena del &#8220;pintor i la model&#8221; en negre i verd, i vidrada. Cos oval, coll troncoc\u00f2nic i dos nanses corbes gruixudes. El 1947 Picasso es va iniciar en l&#8217;art de la cer\u00e0mica quan va comen\u00e7ar a freq\u00fcentar la f\u00e0brica Madoura, propietat de [&hellip;]\" \/>\n<meta property=\"og:url\" content=\"https:\/\/www.arxiusoberts.cat\/ca\/arxiu\/escena-del-pintor-i-la-model\/\" \/>\n<meta property=\"og:site_name\" content=\"Arxius Oberts\" \/>\n<meta property=\"article:modified_time\" content=\"2022-02-03T17:05:56+00:00\" \/>\n<meta property=\"og:image\" content=\"https:\/\/www.arxiusoberts.cat\/wp-content\/uploads\/2021\/12\/https3A2F2Fcoeli-icub-hum.s3-eu-west-1.amazonaws.com2Fpublic2FHeritageObject2FH3757462F78378878e9968265e42cd64d127197e72Ffull2Foriginal2F02Fdefault.jpg\" \/>\n\t<meta property=\"og:image:width\" content=\"800\" \/>\n\t<meta property=\"og:image:height\" content=\"800\" \/>\n\t<meta property=\"og:image:type\" content=\"image\/jpeg\" \/>\n<meta name=\"twitter:card\" content=\"summary_large_image\" \/>\n<meta name=\"twitter:label1\" content=\"Temps estimat de lectura\" \/>\n\t<meta name=\"twitter:data1\" content=\"1 minut\" \/>\n<script type=\"application\/ld+json\" class=\"yoast-schema-graph\">{\"@context\":\"https:\/\/schema.org\",\"@graph\":[{\"@type\":\"WebPage\",\"@id\":\"https:\/\/www.arxiusoberts.cat\/ca\/arxiu\/escena-del-pintor-i-la-model\/\",\"url\":\"https:\/\/www.arxiusoberts.cat\/ca\/arxiu\/escena-del-pintor-i-la-model\/\",\"name\":\"Escena del \\\"pintor i la model\\\" - Arxius Oberts\",\"isPartOf\":{\"@id\":\"https:\/\/www.arxiusoberts.cat\/ca\/#website\"},\"datePublished\":\"2021-12-12T22:04:43+00:00\",\"dateModified\":\"2022-02-03T17:05:56+00:00\",\"breadcrumb\":{\"@id\":\"https:\/\/www.arxiusoberts.cat\/ca\/arxiu\/escena-del-pintor-i-la-model\/#breadcrumb\"},\"inLanguage\":\"ca\",\"potentialAction\":[{\"@type\":\"ReadAction\",\"target\":[\"https:\/\/www.arxiusoberts.cat\/ca\/arxiu\/escena-del-pintor-i-la-model\/\"]}]},{\"@type\":\"BreadcrumbList\",\"@id\":\"https:\/\/www.arxiusoberts.cat\/ca\/arxiu\/escena-del-pintor-i-la-model\/#breadcrumb\",\"itemListElement\":[{\"@type\":\"ListItem\",\"position\":1,\"name\":\"Inici\",\"item\":\"https:\/\/www.arxiusoberts.cat\/ca\/\"},{\"@type\":\"ListItem\",\"position\":2,\"name\":\"Escena del &#8220;pintor i la model&#8221;\"}]},{\"@type\":\"WebSite\",\"@id\":\"https:\/\/www.arxiusoberts.cat\/ca\/#website\",\"url\":\"https:\/\/www.arxiusoberts.cat\/ca\/\",\"name\":\"Arxius Oberts\",\"description\":\"Narratives comunit\u00e0ries de Barcelona\",\"potentialAction\":[{\"@type\":\"SearchAction\",\"target\":{\"@type\":\"EntryPoint\",\"urlTemplate\":\"https:\/\/www.arxiusoberts.cat\/ca\/?s={search_term_string}\"},\"query-input\":\"required name=search_term_string\"}],\"inLanguage\":\"ca\"}]}<\/script>\n<!-- \/ Yoast SEO plugin. -->","yoast_head_json":{"title":"Escena del \"pintor i la model\" - Arxius Oberts","robots":{"index":"index","follow":"follow","max-snippet":"max-snippet:-1","max-image-preview":"max-image-preview:large","max-video-preview":"max-video-preview:-1"},"canonical":"https:\/\/www.arxiusoberts.cat\/ca\/arxiu\/escena-del-pintor-i-la-model\/","og_locale":"ca_ES","og_type":"article","og_title":"Escena del \"pintor i la model\" - Arxius Oberts","og_description":"Gerra de terracota decorada amb engalba, reserves a la cera, pintada amb una escena del &#8220;pintor i la model&#8221; en negre i verd, i vidrada. Cos oval, coll troncoc\u00f2nic i dos nanses corbes gruixudes. El 1947 Picasso es va iniciar en l&#8217;art de la cer\u00e0mica quan va comen\u00e7ar a freq\u00fcentar la f\u00e0brica Madoura, propietat de [&hellip;]","og_url":"https:\/\/www.arxiusoberts.cat\/ca\/arxiu\/escena-del-pintor-i-la-model\/","og_site_name":"Arxius Oberts","article_modified_time":"2022-02-03T17:05:56+00:00","og_image":[{"width":800,"height":800,"url":"https:\/\/www.arxiusoberts.cat\/wp-content\/uploads\/2021\/12\/https3A2F2Fcoeli-icub-hum.s3-eu-west-1.amazonaws.com2Fpublic2FHeritageObject2FH3757462F78378878e9968265e42cd64d127197e72Ffull2Foriginal2F02Fdefault.jpg","type":"image\/jpeg"}],"twitter_card":"summary_large_image","twitter_misc":{"Temps estimat de lectura":"1 minut"},"schema":{"@context":"https:\/\/schema.org","@graph":[{"@type":"WebPage","@id":"https:\/\/www.arxiusoberts.cat\/ca\/arxiu\/escena-del-pintor-i-la-model\/","url":"https:\/\/www.arxiusoberts.cat\/ca\/arxiu\/escena-del-pintor-i-la-model\/","name":"Escena del \"pintor i la model\" - Arxius Oberts","isPartOf":{"@id":"https:\/\/www.arxiusoberts.cat\/ca\/#website"},"datePublished":"2021-12-12T22:04:43+00:00","dateModified":"2022-02-03T17:05:56+00:00","breadcrumb":{"@id":"https:\/\/www.arxiusoberts.cat\/ca\/arxiu\/escena-del-pintor-i-la-model\/#breadcrumb"},"inLanguage":"ca","potentialAction":[{"@type":"ReadAction","target":["https:\/\/www.arxiusoberts.cat\/ca\/arxiu\/escena-del-pintor-i-la-model\/"]}]},{"@type":"BreadcrumbList","@id":"https:\/\/www.arxiusoberts.cat\/ca\/arxiu\/escena-del-pintor-i-la-model\/#breadcrumb","itemListElement":[{"@type":"ListItem","position":1,"name":"Inici","item":"https:\/\/www.arxiusoberts.cat\/ca\/"},{"@type":"ListItem","position":2,"name":"Escena del &#8220;pintor i la model&#8221;"}]},{"@type":"WebSite","@id":"https:\/\/www.arxiusoberts.cat\/ca\/#website","url":"https:\/\/www.arxiusoberts.cat\/ca\/","name":"Arxius Oberts","description":"Narratives comunit\u00e0ries de Barcelona","potentialAction":[{"@type":"SearchAction","target":{"@type":"EntryPoint","urlTemplate":"https:\/\/www.arxiusoberts.cat\/ca\/?s={search_term_string}"},"query-input":"required name=search_term_string"}],"inLanguage":"ca"}]}},"_links":{"self":[{"href":"https:\/\/www.arxiusoberts.cat\/ca\/wp-json\/wp\/v2\/arxius\/2626","targetHints":{"allow":["GET"]}}],"collection":[{"href":"https:\/\/www.arxiusoberts.cat\/ca\/wp-json\/wp\/v2\/arxius"}],"about":[{"href":"https:\/\/www.arxiusoberts.cat\/ca\/wp-json\/wp\/v2\/types\/arxius"}],"wp:featuredmedia":[{"embeddable":true,"href":"https:\/\/www.arxiusoberts.cat\/ca\/wp-json\/wp\/v2\/media\/2627"}],"wp:attachment":[{"href":"https:\/\/www.arxiusoberts.cat\/ca\/wp-json\/wp\/v2\/media?parent=2626"}],"curies":[{"name":"wp","href":"https:\/\/api.w.org\/{rel}","templated":true}]}}

<p>Gerra de terracota decorada amb engalba, reserves a la cera, pintada amb una escena del &#8220;pintor i la model&#8221; en negre i verd, i vidrada. Cos oval, coll troncocònic i dos nanses corbes gruixudes. El 1947 Picasso es va iniciar en l&#8217;art de la ceràmica quan va començar a freqüentar la fàbrica Madoura, propietat de George i Suzanne Ramiè a Vallauris (França) i no hova deixar fins el 1970. Va presentar les primeres peces el 1948 a la Maison de la Pensée de Paris. La ceràmica va suposar per ell el descobriment d&#8217;una nova tècnica artística que li permetia experimentar amb les formes de la terrissa tradicional -que l&#8217;artista va reinterpretar i transformar-,  amb l&#8217;escultura i la pintura. En quan al repertori iconogràfic, va cultivar temes que havia utilitzat prèviament -el circ, el pintor i la model, retrats, bodegons i paisatges- amb altres vinculats a la natura i als animals del seu entorn més immediat.El tema del &#8220;pintor i la model&#8221; va ser també recurrent. El va utilitzar per primera vegada el 1926 i durant la seva vida va fer olis, dibuixos i obra gràfica sobre aquest tema. Concretament,  l&#8217;any 1954, paralelament a la decoració de les gerres de ceràmica, va realitzar una sèrie de grabats amb aquest mateix tema.</p>

<!-- This site is optimized with the Yoast SEO plugin v21.7 - https://yoast.com/wordpress/plugins/seo/ -->
<title>Escena del &quot;pintor i la model&quot; - Arxius Oberts</title>
<meta name="robots" content="index, follow, max-snippet:-1, max-image-preview:large, max-video-preview:-1" />
<link rel="canonical" href="https://www.arxiusoberts.cat/ca/arxiu/escena-del-pintor-i-la-model/" />
<meta property="og:locale" content="ca_ES" />
<meta property="og:type" content="article" />
<meta property="og:title" content="Escena del &quot;pintor i la model&quot; - Arxius Oberts" />
<meta property="og:description" content="Gerra de terracota decorada amb engalba, reserves a la cera, pintada amb una escena del &#8220;pintor i la model&#8221; en negre i verd, i vidrada. Cos oval, coll troncocònic i dos nanses corbes gruixudes. El 1947 Picasso es va iniciar en l&#8217;art de la ceràmica quan va començar a freqüentar la fàbrica Madoura, propietat de [&hellip;]" />
<meta property="og:url" content="https://www.arxiusoberts.cat/ca/arxiu/escena-del-pintor-i-la-model/" />
<meta property="og:site_name" content="Arxius Oberts" />
<meta property="article:modified_time" content="2022-02-03T17:05:56+00:00" />
<meta property="og:image" content="https://www.arxiusoberts.cat/wp-content/uploads/2021/12/https3A2F2Fcoeli-icub-hum.s3-eu-west-1.amazonaws.com2Fpublic2FHeritageObject2FH3757462F78378878e9968265e42cd64d127197e72Ffull2Foriginal2F02Fdefault.jpg" />
	<meta property="og:image:width" content="800" />
	<meta property="og:image:height" content="800" />
	<meta property="og:image:type" content="image/jpeg" />
<meta name="twitter:card" content="summary_large_image" />
<meta name="twitter:label1" content="Temps estimat de lectura" />
	<meta name="twitter:data1" content="1 minut" />
<script type="application/ld+json" class="yoast-schema-graph">{"@context":"https://schema.org","@graph":[{"@type":"WebPage","@id":"https://www.arxiusoberts.cat/ca/arxiu/escena-del-pintor-i-la-model/","url":"https://www.arxiusoberts.cat/ca/arxiu/escena-del-pintor-i-la-model/","name":"Escena del \"pintor i la model\" - Arxius Oberts","isPartOf":{"@id":"https://www.arxiusoberts.cat/ca/#website"},"datePublished":"2021-12-12T22:04:43+00:00","dateModified":"2022-02-03T17:05:56+00:00","breadcrumb":{"@id":"https://www.arxiusoberts.cat/ca/arxiu/escena-del-pintor-i-la-model/#breadcrumb"},"inLanguage":"ca","potentialAction":[{"@type":"ReadAction","target":["https://www.arxiusoberts.cat/ca/arxiu/escena-del-pintor-i-la-model/"]}]},{"@type":"BreadcrumbList","@id":"https://www.arxiusoberts.cat/ca/arxiu/escena-del-pintor-i-la-model/#breadcrumb","itemListElement":[{"@type":"ListItem","position":1,"name":"Inici","item":"https://www.arxiusoberts.cat/ca/"},{"@type":"ListItem","position":2,"name":"Escena del &#8220;pintor i la model&#8221;"}]},{"@type":"WebSite","@id":"https://www.arxiusoberts.cat/ca/#website","url":"https://www.arxiusoberts.cat/ca/","name":"Arxius Oberts","description":"Narratives comunitàries de Barcelona","potentialAction":[{"@type":"SearchAction","target":{"@type":"EntryPoint","urlTemplate":"https://www.arxiusoberts.cat/ca/?s={search_term_string}"},"query-input":"required name=search_term_string"}],"inLanguage":"ca"}]}</script>
<!-- / Yoast SEO plugin. -->

Gerra de terracota decorada amb engalba, reserves a la cera, pintada amb una escena del &#8220;pintor i la model&#8221; en negre i verd, i vidrada. Cos oval, coll troncocònic i dos nanses corbes gruixudes. El 1947 Picasso es va iniciar en l&#8217;art de la ceràmica quan va començar a freqüentar la fàbrica Madoura, propietat de [&hellip;]

Narratives comunitàries de Barcelona
